 - 83*z + 37. What is the hundreds digit of m(-37)?
3
Let z = -6 - -36. Suppose 2*u + 3*r - 5*r = 4, -3*u + 7 = -2*r. Suppose 90 = u*f - z. What is the units digit of f?
0
Suppose 0*f + 4*f - 12 = -5*i, 18 = 4*i - f. Suppose o - h = 27, -i*o + 0*h + 112 = -5*h. What is the tens digit of o?
2
Suppose -3*s + 10 = -h, -h - 1 + 5 = 4*s. Let m = h + 5. What is the units digit of (0 - -1)*m*11?
1
Suppose 0 = -3*l - 2*o + 30, -1 = 5*l + 4*o - 51. Let y(x) = -3*x + 2. Let h be y(-3). Let q = l + h. What is the units digit of q?
1
What is the units digit of (-545 - 25)*4/(-6)?
0
Let j = 7 + -5. Suppose -2*n - 2 = j*v, -4*v - 19 = -5*v + 4*n. Suppose 0 = 3*h + v*i - 87, 69 = 3*h - 2*i + 7. What is the tens digit of h?
2
Suppose 24 = -3*j + j. Let m = j - -19. Let z = 32 - m. What is the tens digit of z?
2
Let k(n) = -5*n**3 - 4*n**2 - 31*n + 38. What is the units digit of k(-8)?
0
Suppose -3*n - 278 = -2*a, -154 + 25 = -a - n. What is the hundreds digit of a?
1
Let s = 413 - -1227. What is the thousands digit of s?
1
Let v = -4 - 54. Let t = 179 - 294. Let k = v - t. What is the units digit of k?
7
Suppose -4*d + 22 = 3*k, d + 4 + 0 = 4*k. Suppose d*l + 1502 = 2*z, -3*z - 1718 + 569 = 3*l. What is the tens digit of l/(-12)*2/3?
2
Let m(o) = 3*o - 36. Let c be m(18). Let f = 108 + c. What is the hundreds digit of f?
1
Let k(h) = -4*h - 1 - 1 + 97*h**2 - 38*h**2 - 1. What is the tens digit of k(-1)?
6
Let f(w) = 20*w - 56. Let x be f(9). Let b = 61 + x. What is the units digit of b?
5
Let y = 86 + -26. Suppose -75 = -o - n, 2*n = -o + 4*n + y. What is the units digit of o?
0
Let v be (-6)/(-27) + 464/18. Let u = v + 14. What is the tens digit of u?
4
Let a(s) be the second derivative of -s**5/20 - 5*s**4/12 - s**3 + 3*s**2/2 - 19*s. What is the tens digit of a(-8)?
4
Suppose 4*g - w - 10918 = 0, 14*w - 2719 = -g + 9*w. What is the units digit of g?
9
Let d(k) = -k**2 + 42*k + 39. What is the hundreds digit of d(21)?
4
Let o = 6 - -6. Let b(d) = -4*d**2 + d**3 - 9 + d + 0*d**3 + o*d - 6*d**2. What is the tens digit of b(9)?
2
Suppose -2*v = -3*w - 446 + 4031, 4*w - 8*v - 4764 = 0. What is the tens digit of w?
9
Let w = -41 + 58. Suppose 0 = h - w - 24. What is the units digit of h?
1
Suppose x + 57 = 4*z - 109, 4*z = 3*x + 162. What is the units digit of z?
2
Let s be (-13)/(-4) - (-7)/(-28). Suppose 5*f - 10 = s*f. Suppose -3*z + p + 85 = 0, -p - 8 = -f*p. What is the units digit of z?
9
Suppose 25 = 3*d - 4*f - 0*f, d = -2*f - 5. Suppose 4*x = d*g + 2*x - 155, -2 = 2*x. What is the tens digit of g?
5
Let y(s) = -4*s**2 + 6*s - 8. Let u(q) = -q**2 + q - 1. Let x(c) = -5*u(c) + y(c). What is the units digit of x(-3)?
3
Suppose -585 = 20*x - 23*x. What is the tens digit of 0 + (x - (7 + -5))?
9
Suppose -2*g - 6 + 4 = 0. Let w(a) = a**3 + 3*a**2 + 2*a + 1. Let j be w(g). What is the units digit of j + 2 + 0 + 16?
9
Let q(j) = 71*j**3 - 2*j**2 - 4. What is the tens digit of q(2)?
5
Let f(i) = -3*i**3 + 6*i**2 + 7*i + 12. What is the tens digit of f(-5)?
0
Suppose a = 36 + 222. What is the hundreds digit of a?
2
Let y be (-52)/(-7) + -6 + 4/7. What is the tens digit of 3/(y/(-4) - (-775)/1490)?
4
Let f = -370 - -774. What is the hundreds digit of f?
4
Suppose 3*r + 5*f = 98, 0 = -2*r - r + 4*f + 62. Suppose 0 = -5*m + 2*a + r, -5*m - 2*a + 34 = -0*a. What is the units digit of m?
6
Let n = 125 + -55. Let g = -173 + n. Let d = -60 - g. What is the units digit of d?
3
Let g(r) = -145*r - 20 + 121*r - 2. What is the units digit of g(-5)?
8
Let h(z) be the first derivative of z**4/4 - 2*z**3 + 2*z**2 + 17*z - 28. What is the tens digit of h(5)?
1
Let t = -230 + 148. Let z = -27 - t. What is the units digit of z?
5
Let z(j) = 2*j**2 - 11*j - 20. What is the units digit of z(-13)?
1
What is the units digit of 45 + 2 + -1 + 37 + -32?
1
Let d(i) = 0*i - 18*i**3 - i + i**2 + 1 - 4. What is the hundreds digit of d(-2)?
1
Suppose -10*t - u = -9*t - 716, 3*t + 5*u - 2156 = 0. What is the units digit of t?
2
Suppose 0 = -3*n + f + 11, n = f + f - 3. Suppose -3*h + 0*h + 4*t + 213 = 0, -2*t - 369 = -n*h. What is the tens digit of h?
7
Let k(f) = -3*f + 55. Let j = 12 - 8. Let y(h) = 1. Let x(r) = j*y(r) + k(r). What is the tens digit of x(0)?
5
Let f be -14*(-2 + 3/(-2)). Suppose -2*j + 5*w = -11 - 18, 5*j - 5*w = 35. Suppose -j*o + f = 19. What is the units digit of o?
5
Let o(d) = 24*d**3 - d**2 + 2*d - 2. Suppose 6*g - 6 = -z + 2*g, -3*z + 5*g + 1 = 0. Let j be o(z). Let m = -115 + j. What is the tens digit of m?
7
Let w(a) = -a + 16. Let x be w(9). Let p = x - 2. Suppose 2*f = -5*q + 68, 2*q + q - 151 = -p*f. What is the units digit of f?
9
Suppose 33*o - 15778 - 6299 = 0. What is the tens digit of o?
6
Suppose 0 = 9*u - 9 - 9. Let x = u - -13. What is the units digit of x?
5
Let m(j) = -j**3 - 2*j - 2. Let k be m(-2). Suppose k + 0 = c. Suppose -36 = -2*t - c. What is the tens digit of t?
1
Let k = -34 + 39. Suppose -k*d - 125 = -415. What is the units digit of d?
8
Let s(n) = n**2 - 2*n - 50. What is the tens digit of s(-7)?
1
Let m = -89 - -56. Let p = -17 - m. What is the units digit of p?
6
Suppose 0 = -g + u + 25, 4*g = -5*u + 66 + 16. Let m = g - -57. Let z = -34 + m. What is the units digit of z?
6
Let s(v) = v**2 - 51*v + 46. Let y be s(50). Let r(d) = 0*d**2 + d**2 + 0*d**2 - 2*d. What is the tens digit of r(y)?
2
Let v be ((-5)/2 - -3)*234. Suppose 0*l + v = 3*l. What is the units digit of l?
9
Suppose -2*l = -r + 7, -5*l - 12 = -4*r + 13. Suppose r*x + 4*z + 14 - 113 = 0, -2*x + z = -37. What is the units digit of x?
9
Let j be 14/(-14)*0/(-2). Let t(s) = s**2 - s + 185. What is the tens digit of t(j)?
8
Suppose 5*v + 6 - 41 = 0. Let f = -15 + v. Let j = f - -12. What is the units digit of j?
4
Suppose -5*p = 4*s - 1161, -7*p + 303 = s - 10*p. What is the tens digit of s?
9
Let z(g) = -g**2 + 4*g + 12. Let p(d) = -d**3 + 18*d**2 - d + 23. Let o be p(18). What is the units digit of z(o)?
7
What is the tens digit of (-2)/6*(-83329 + -11)/10?
7
What is the units digit of 4/16 + (-5 - 1266/(-24))?
8
Suppose -1160 = -2*d + 5*c, d - c + 4*c = 580. What is the tens digit of d?
8
Suppose -3*a + 2*j + 824 = 0, -a - 5*j = 2*a - 838. Suppose 0 = 5*v + 2 - 12. What is the units digit of v/(-5) + a/15?
8
Let m(x) = 4 - 6*x**2 + x + x**3 + 1 + 1 - x**2. Let a be m(7). Suppose -a*o + 11*o = -64. What is the tens digit of o?
3
Let r = 10 - -6. Suppose -3*d - 2*p = -99, 5*p = d - 0*d - r. Let h = -17 + d. What is the units digit of h?
4
Let i(a) = a**3 + 7*a**2 + 5*a - 1. Suppose 0 = -0*k + 2*k - 2. Suppose -3*l = -k + 19. What is the units digit of i(l)?
5
Let o(n) be the third derivative of n**6/120 - n**5/60 - 5*n**4/8 - n**3 + 29*n**2. What is the hundreds digit of o(7)?
1
Suppose 0 = 4*u + 4, 2*u - 108 = -4*z + 3*z. What is the hundreds digit of z?
1
Let v(q) = -230*q - 1431. What is the hundreds digit of v(-7)?
1
Suppose -618 = -12*s + 6066. What is the hundreds digit of s?
5
Let z = 0 + -23. Let l = -17 - z. Suppose n - 28 = -5*s, -l + 51 = 3*n + 2*s. What is the units digit of n?
3
Suppose w - 2 = -0. Let p be (-1880)/(-52) + w/(-13). What is the units digit of (2 + -3)*p/(-3)?
2
Let n(s) = 15*s**3 - s**2 - 2*s - 7. What is the tens digit of n(4)?
2
Let x be (14/(-21))/(4/6). Let l(v) = 5*v**3 - v - 1. Let q be l(x). What is the units digit of q/(1/8*-2)?
0
Let t(f) = 2*f**3 + 4. Let k be t(-2). Let h(c) = c**3 + 10*c**2 - 25*c + 6. What is the units digit of h(k)?
8
Suppose 2*i = 5*m + 619, 4*m - 3*i - 2*i = -502. Let d = 273 + m. What is the units digit of d?
0
Let w(t) = 57*t + 347. What is the units digit of w(-6)?
5
Let c(i) = 186*i + 3. Let k be c(3). Suppose 2*a - k = -a. What is the tens digit of a?
8
Suppose 0 = 32*p - 6435 - 8765. What is the tens digit of p?
7
Suppose 2*k + 2*t - 206 = 6*t, 2*k - 206 = t. What is the units digit of k?
3
Let h be ((-1)/((-5)/(-15)))/(-1). Let v be ((-4608)/12)/(h/(-2)). Suppose 7*c = -c + v. What is the tens digit of c?
3
Let j(z) = z + 11. Let a be j(-10). Suppose -a = -l + 1. Suppose -c = -5*h + 24, 6 + 5 = l*h + c. What is the units digit of h?
5
What is the hundreds digit of ((-183)/(-6) - 4)*(-9 - -43)?
9
What is the tens digit of 148 + 16/(-12)*(-9)/(-2)?
4
Suppose -2*v - 3*s - 1 = -0*v, v - 2*s - 17 = 0. What is